
9
What is the greatest common factor of 171837919 and 19?
19
What is the greatest common factor of 2016 and 33547500?
252
Calculate the highest common factor of 1318 and 95069317.
659
What is the greatest common factor of 96 and 68165216?
32
Calculate the highest common divisor of 2074 and 23494.
34
Calculate the highest common factor of 199593175 and 225.
25
What is the highest common factor of 17709744 and 38216?
2248
Calculate the highest common factor of 33162614 and 34.
34
What is the greatest common factor of 280999 and 11540?
577
Calculate the highest common factor of 5085311 and 357133.
2191
What is the highest common divisor of 155 and 94784484?
31
What is the greatest common factor of 1484037 and 126?
9
What is the highest common divisor of 146167 and 119634?
157
What is the greatest common divisor of 1218 and 18692730?
42
Calculate the greatest common divisor of 7148916 and 144.
36
What is the greatest common factor of 7819421 and 5547?
1849
Calculate the highest common divisor of 828322 and 1242.
46
What is the greatest common factor of 10 and 500291030?
10
Calculate the greatest common divisor of 70 and 45029705.
35
Calculate the greatest common factor of 931 and 81305351.
19
What is the greatest common factor of 28 and 170643466?
14
Calculate the highest common divisor of 1210 and 7891015.
605
Calculate the greatest common factor of 26445273 and 6810.
681
Calculate the highest common divisor of 84352295 and 150172.
3413
What is the greatest common factor of 27576988 and 148?
148
Calculate the highest common divisor of 246375 and 38617.
73
Calculate the highest common factor of 9834588 and 72.
36
What is the highest common factor of 1065348 and 20907?
909
What is the greatest common divisor of 4125 and 9839775?
825
Calculate the greatest common divisor of 27262 and 7279814.
86
Calculate the highest common factor of 129570 and 9.
3
What is the highest common divisor of 5555 and 118355?
5
What is the highest common divisor of 321 and 14813936?
107
Calculate the highest common factor of 1863 and 39862611.
1863
Calculate the greatest common factor of 109560455 and 1420.
355
What is the highest common divisor of 2175452 and 1480?
148
What is the greatest common divisor of 6307236 and 351?
117
Calculate the greatest common factor of 313924575 and 75.
75
Calculate the highest common divisor of 58400 and 19199.
73
What is the greatest common factor of 39 and 147404959?
13
What is the greatest common divisor of 11949954 and 1825?
73
Calculate the highest common divisor of 154123182 and 2010.
402
What is the highest common factor of 121669296 and 1953?
651
Calculate the highest common divisor of 1166512 and 912.
16
What is the highest common factor of 2197845 and 57798?
1521
Calculate the greatest common divisor of 7945720 and 177386.
1466
What is the highest common factor of 1006392 and 570?
114
Calculate the greatest common divisor of 960 and 2400192.
192
Calculate the highest common divisor of 14 and 1449947506.
14
Calculate the highest common factor of 3234 and 49798014.
294
Calculate the greatest common factor of 844013819 and 506.
253
Calculate the greatest common factor of 5728 and 188264.
8
What is the highest common divisor of 232 and 28409734?
58
What is the highest common divisor of 376831 and 7264257?
3731
Calculate the highest common divisor of 4541625 and 594.
99
What is the greatest common factor of 82458225 and 180?
45
Calculate the greatest common divisor of 504 and 942311160.
504
What is the greatest common factor of 3230 and 1151780?
190
Calculate the highest common divisor of 224 and 72456.
8
Calculate the greatest common divisor of 9268128 and 255.
51
Calculate the highest common divisor of 22736940 and 120.
60
Calculate the highest common factor of 24 and 14528976.
24
What is the highest common divisor of 2752524 and 1044?
36
Calculate the greatest common factor of 333935 and 103988780.
7105
Calculate the highest common divisor of 8129 and 8650734.
739
What is the highest common divisor of 229241108 and 284?
284
What is the highest common divisor of 8272084 and 46031?
241
Calculate the greatest common factor of 4432 and 569944120.
2216
Calculate the highest common factor of 90402 and 5541198.
1482
What is the highest common divisor of 2628 and 48913504?
292
What is the greatest common divisor of 7932 and 87468?
12
What is the greatest common divisor of 1633960 and 75?
5
Calculate the greatest common divisor of 1475683 and 990.
11
What is the greatest common factor of 469515 and 743745?
4155
What is the greatest common factor of 1455275 and 60950?
25
What is the greatest common factor of 330 and 45113255?
55
What is the highest common divisor of 3180 and 22900452?
636
What is the greatest common factor of 1318083 and 312?
39
What is the highest common divisor of 7285 and 342959?
47
Calculate the greatest common factor of 230 and 5114188.
46
What is the greatest common divisor of 4030281 and 5195?
1039
Calculate the greatest common divisor of 270402 and 168472737.
12291
Calculate the highest common divisor of 198806975 and 2809.
2809
Calculate the greatest common divisor of 362190 and 30585.
15
Calculate the greatest common divisor of 219748 and 11590504.
1604
Calculate the highest common factor of 187079384 and 8.
8
Calculate the highest common divisor of 37960 and 7151040.
520
Calculate the greatest common factor of 1859447 and 1013836.
2243
What is the greatest common factor of 77 and 9688811?
11
What is the highest common factor of 192546 and 486666?
342
Calculate the highest common factor of 297 and 10666656.
99
What is the highest common divisor of 3944 and 2714900?
68
Calculate the greatest common factor of 413 and 61243534.
59
What is the greatest common factor of 50 and 154256430?
10
What is the highest common factor of 66048 and 2385408?
1536
Calculate the highest common factor of 4884880 and 1675960.
5720
Calculate the greatest common divisor of 20084493 and 11.
11
Calculate the highest common divisor of 218716120 and 40.
40
Calculate the greatest common divisor of 2010 and 8832610.
670
Calculate the highest common divisor of 7532491 and 98977.
3413
Calculate the highest common divisor of 74722709 and 113913.
4219
What is the greatest common divisor of 266199 and 10256139?
2991
What is the highest common divisor of 590 and 12671194?
118
Calculate the highest common divisor of 226 and 1605788082.
226
What is the highest common factor of 1123248 and 2688?
336
Calculate the highest common factor of 6214 and 228962.
478
Calculate the highest common divisor of 13210 and 14183577.
1321
What is the greatest common factor of 52523391 and 304?
19
What is the highest common divisor of 83500 and 401468?
668
Calculate the highest common divisor of 6776 and 5971834.
242
Calculate the greatest common factor of 4 and 246090748.
4
Calculate the greatest common divisor of 13 and 100940216.
13
Calculate the highest common factor of 3492329 and 262.
131
Calculate the greatest common divisor of 36999166 and 41060.
4106
Calculate the greatest common divisor of 13267575 and 12.
3
Calculate the greatest common divisor of 13731 and 38231283.
597
Calculate the greatest common divisor of 206531972 and 2032.
508
What is the highest common factor of 1892988 and 3924?
36
What is the highest common factor of 1250979 and 50643?
51
Calculate the greatest common factor of 74518 and 3498424.
3922
Calculate the greatest common divisor of 4070864 and 22876.
532
Calculate the highest common divisor of 1440 and 96420.
60
What is the greatest common factor of 10 and 7752810?
10
What is the highest common factor of 4336002 and 15433?
671
Calculate the greatest common factor of 363821 and 19647.
37
Calculate the highest common divisor of 764522 and 558.
62
What is the greatest common divisor of 265 and 24008099?
53
What is the highest common factor of 130 and 1407173885?
65
What is the highest common factor of 39455 and 104065?
65
What is the greatest common divisor of 58 and 119479072?
58
Calculate the greatest common divisor of 386715 and 3402.
21
Calculate the greatest common factor of 186685181 and 299.
23
Calculate the greatest common divisor of 1490363712 and 13176.
13176
What is the highest common divisor of 4520179 and 74?
37
What is th